et w(b) = b**3 - 293*b**2 - 1715*b + 331882. Calculate w(295).
7
Let p(j) = -j**3 + 397*j**2 + 4765*j + 58524. Determine p(409).
37
Let s(r) = -17061*r - 85426. Give s(-5).
-121
Let n(f) = 2*f**2 + 66671*f + 399984. Determine n(-6).
30
Let o(h) = -123*h - 14706. What is o(-119)?
-69
Let d(z) = 3*z**3 + 139*z**2 + 531*z - 20. What is d(-4)?
-112
Let v(r) = 7219*r + 425893. Calculate v(-59).
-28
Let k(t) = 5*t**3 - 3*t**2 - 751*t + 3007. What is k(4)?
275
Let x(y) = y**3 + 4*y**2 - 492*y - 133. Determine x(-24).
155
Let g(n) = 4*n**3 - 2245*n**2 - 1686*n - 223. Determine g(562).
-223
Let d(l) = -l**3 - 249*l**2 + 500*l - 303. Give d(-251).
199
Let x(c) = 1932*c + 466. What is x(0)?
466
Let c(t) = 19319*t + 772715. What is c(-40)?
-45
Let c(m) = 515*m + 18540. Give c(-37).
-515
Let z(m) = 4*m**3 - 153*m**2 + 75*m + 550. Calculate z(37).
-3520
Let a(o) = -2*o**3 + 238*o**2 - 1782*o + 1461. Calculate a(7).
-37
Let t(v) = -2*v**3 - 234*v**2 - 192*v + 4202. Give t(-116).
-438
Let p(z) = 12*z**3 + 18*z**2 - 401*z - 410. What is p(-1)?
-3
Let l(b) = -35*b**2 + 34*b + 5472. Calculate l(13).
-1
Let f(q) = 2*q**2 - 75*q + 872. Determine f(47).
1765
Let t(b) = -2*b**2 + 567*b - 2884. Determine t(5).
-99
Let l(s) = 267*s - 59538. Calculate l(223).
3
Let g(j) = -j**3 - j**2 - 21488*j + 86031. Give g(4).
-1
Let u(n) = -n**3 + 19*n**2 + 216*n + 50. Give u(-10).
790
Let i(v) = 3048*v + 1002783. Calculate i(-329).
-9
Let q(r) = 6*r**2 - 4*r - 503. Calculate q(-14).
729
Let b(j) = -74*j**2 + 837*j - 2467. Calculate b(6).
-109
Let z(x) = x**3 + 35*x**2 - 3*x + 78. What is z(-36)?
-1110
Let c(n) = -2*n**2 + 229*n - 1221. Calculate c(110).
-231
Let p(r) = 7*r**3 + 8*r**2 - 24*r + 73. What is p(3)?
262
Let c(l) = l**3 + 4*l**2 - 558*l - 1. Calculate c(0).
-1
Let w(s) = 4*s**2 - 321*s - 1213. What is w(65)?
-5178
Let g(t) = -4*t**3 + 30*t**2 + 78*t - 376. Give g(6).
308
Let i(k) = -5*k**2 + 63252*k - 316253. What is i(5)?
-118
Let a(n) = 2*n**3 + 2*n**2 + 746*n + 5304. Calculate a(-7).
-506
Let j(v) = 4385*v - 48702. Determine j(11).
-467
Let v(d) = -d**2 - 1752299*d - 3504594. Calculate v(-2).
0
Let y(i) = i**3 - 307*i**2 + 3101*i - 38920. Calculate y(297).
-13
Let r(i) = -10*i**3 + 2628*i**2 - 4694*i - 1046. Calculate r(261).
-2
Let n(x) = -x**3 - 43*x**2 - 73*x - 27. Calculate n(-1).
4
Let g(n) = -143*n + 17577. Give g(123).
-12
Let p(x) = -2*x**3 + 165*x**2 - 87*x + 400. Determine p(82).
-10
Let g(m) = -264*m**2 + 162*m + 12. Calculate g(1).
-90
Let g(x) = 1337*x - 9399. Give g(7).
-40
Let f(o) = 661*o**2 + 12547*o + 75. Determine f(-19).
303
Let x(j) = -j**3 + 172*j - 48. Calculate x(-11).
-609
Let m(p) = -p**2 + 39*p + 3712. Calculate m(-52).
-1020
Let t(q) = -8664*q - 26018. Calculate t(-3).
-26
Let i(m) = -3296*m + 45615. What is i(14)?
-529
Let y(u) = 1475*u - 1495. What is y(1)?
-20
Let b(x) = 2*x**2 + 437*x + 3527. What is b(-8)?
159
Let a(c) = -100*c - 6521. What is a(-73)?
779
Let j(f) = -f**2 + 13130*f + 328872. Determine j(-25).
-3
Let q(p) = -9666*p + 87025. Calculate q(9).
31
Let r(d) = 2*d**2 - d - 9. Calculate r(1).
-8
Let g(a) = -276*a**2 + 562*a - 1652. Determine g(3).
-2450
Let f(d) = 905069*d - 18101388. What is f(20)?
-8
Let i(f) = f**3 + 160*f**2 + 227*f + 10519. Give i(-159).
-293
Let k(w) = -2*w**3 - 137*w**2 + 2313*w - 23. Calculate k(14).
19
Let t(q) = 4*q**2 + 1286*q + 94048. Determine t(-209).
-2
Let z(n) = -n**3 + 221*n**2 + 3783*n - 4470. Calculate z(-17).
1
Let f(k) = 5414*k + 43973. What is f(-8)?
661
Let r(j) = 2496*j**2 - 39801*j - 31. Give r(16).
2129
Let v(t) = -t**3 + 213*t**2 - 609*t - 3398. Calculate v(210).
1012
Let w(j) = 5*j**3 - 137*j**2 - 87*j - 41. What is w(28)?
-125
Let y(o) = -5*o**2 - 386*o + 6813. What is y(15)?
-102
Let c(k) = 216*k**3 - 44*k**2 + 39*k - 124. Determine c(3).
5429
Let c(g) = -g**3 - 157*g**2 - 373*g + 13702. What is c(-154)?
-4
Let u(j) = 5*j**3 - 18*j**2 + 283*j - 265. What is u(1)?
5
Let o(g) = -g**3 + 143*g**2 + 717*g + 1785. Calculate o(148).
-1619
Let m(z) = 8085*z + 2999522. Give m(-371).
-13
Let c(o) = 7822*o - 61. What is c(0)?
-61
Let t(p) = -p**3 + 326*p**2 - 14910*p + 1354. Determine t(271).
-1
Let k(r) = 2*r**2 - 2816*r - 54219. Give k(-19).
7
Let y(n) = 948*n + 50493. What is y(-52)?
1197
Let o(k) = -k**2 - 170*k + 3707. Give o(23).
-732
Let f(z) = -1355*z + 310967. Calculate f(230).
-683
Let w(s) = 148*s**2 - 48*s + 297. What is w(3)?
1485
Let f(p) = -4787*p + 33365. What is f(7)?
-144
Let b(w) = -22245*w - 5338803. Calculate b(-240).
-3
Let b(c) = -1115*c + 63604. Determine b(57).
49
Let s(u) = -3*u**3 + 37*u**2 - 802*u + 4138. Give s(6).
10
Let r(n) = 109*n**2 - 10138*n + 95. What is r(93)?
2
Let a(i) = 50*i**3 - 1495*i**2 - 129*i - 789. Calculate a(30).
-159
Let p(m) = m**3 + 114*m**2 - 6055*m + 10611. Determine p(38).
9
Let f(u) = -u**2 - 289*u - 20829. Determine f(-127).
-255
Let y(v) = -5159*v - 2987062. Give y(-579).
-1
Let a(v) = 228*v**2 - 64*v - 30. Determine a(-2).
1010
Let i(w) = w**2 + 86664*w + 606600. Give i(-7).
1
Let a(d) = -126*d**3 - 278*d**2 - 8*d + 4. Determine a(-2).
-84
Let a(u) = u**3 - 46*u**2 + 460*u + 1378. Give a(21).
13
Let r(d) = -5*d**2 - 1620*d + 126424. Calculate r(65).
-1
Let k(f) = 311*f - 1643. Calculate k(5).
-88
Let o(g) = -g**2 - 231*g + 4388. Give o(18).
-94
Let t(z) = -4996*z - 69962. Give t(-14).
-18
Let h(d) = -83*d**2 - 10028*d + 1880. Give h(-121).
65
Let v(m) = m**3 + 53*m**2 - 57*m - 139. Give v(-3).
482
Let y(p) = p**2 + 225*p + 2066. Give y(-9).
122
Let x(o) = -79*o + 12871. Calculate x(168).
-401
Let a(g) = -24*g**2 + 835*g - 161. Determine a(34).
485
Let w(k) = -k**3 + 71*k**2 - 1224*k - 30. What is w(30)?
150
Let d(a) = -a**3 - 12*a**2 + 50*a + 58. Determine d(8).
-822
Let d(z) = -58*z**2 + 617*z + 90. Determine d(11).
-141
Let u(q) = 6*q**2 + 4044*q - 57793. What is u(-688)?
-1
Let z(k) = -962*k**2 - 3964*k - 40. Determine z(-4).
424
Let n(l) = 2708286*l - 40624287. What is n(15)?
3
Let b(d) = -827460*d - 7447231. Give b(-9).
-91
Let x(k) = 13*k**2 + 152*k - 87. Calculate x(-15).
558
Let z(q) = -227*q**2 + 2972*q - 272. Calculate z(13).
1
Let f(s) = 30*s**2 + 4624*s - 27674. Give f(6).
1150
Let o(b) = -19*b**2 - 8508*b - 15159. What is o(-446)?
5
Let v(l) = -l**3 - 160*l**2 + 984*l - 2112. Give v(-166).
-120
Let r(b) = -1102*b - 122114. Calculate r(-109).
-1996
Let n(f) = -128*f - 8185. Calculate n(-60).
-505
Let w(g) = g**2 + 76*g + 922. Calculate w(-12).
154
Let y(k) = -41*k**2 + 758*k - 25. Give y(18).
335
Let i(s) = 15*s**2 - 266*s + 399. Calculate i(14).
-385
Let z(o) = -o**3 - 108*o**2 + 1435*o - 577. Give z(-120).
23
Let g(y) = 2*y**3 - 4*y**2 + 4*y - 56. Determine g(5).
114
Let l(m) = m**3 - 61*m**2 + 339*m - 142. Give l(55).
353
Let j(v) = v**2 - 12059*v - 12. What is j(0)?
-12
Let l(p) = -11526*p + 57666. What is l(5)?
36
Let n(t) = -1133*t**2 - 7957*t - 176. Give n(-7).
6
Let k(d) = d**3 - 26*d**2 + 65*d - 691. Determine k(17).
-2187
Let s(m) = 9*m**2 - 2562*m + 3973. What is s(283)?
-272
Let j(d) = 179589*d + 3591766. Calculate j(-20).
-14
Let y(t) = -2*t**2 - 988*t - 27893. Determine y(-30).
-53
Let h(t) = -25126*t + 276389. Determine h(11).
3
Let r(w) = -8*w**3 - 656*w**2 - 35*w - 2877. Give r(-82).
-7
Let f(v) = 10824*v + 140512. What is f(-13)?
-200
Let y(b) = b**2 - 2285*b - 59. Determine y(0).
-59
Let g(i) = 23080*i - 3000525. Determine g(130).
-125
Let m(o) = -772*o**2 - 10959*o - 2106. Determine m(-14).
8
Let h(b) = 2*b**3 - 130*b**2 - 131*b + 267. Give h(66).
333
Let a(x) = -5*x**2 - 2215*x + 11201. Give a(-448).
1
Let z(n) = -111*n + 10038. Give z(90).
48
Let k(x) = -x**3 + 2*x**2 + 281*x - 2362. Determine k(12).
-430
Let n(s) = -1495*s + 8978. Determine n(6).
8
Let i(n) = -59*n**2 - 749*n + 227. What is i(-13)?
-7
Let s(t) = -6*t**3 + 2961*t**2 - 1507*t + 13806. What is s(493)?
2
Let m(b) = 22*b**2 + 23544*b - 66521. Determine m(-1073).
5
Let h(p) = -42389*p - 254348. Calculate h(-6).
-14
Let f(s) = -92*s**2 - 8020*s - 8020. What is f(-1)?
-92
Let c(b) = b**2 + 121*b + 3435. Determine c(-62).
-223
Let j(r) = 4*r**2 + 126*r - 2827. What is j(-47)?
87
Let t(h) = 6202*h - 38657. Give t(6).
-1445
Let r(g) = 49*g**2 - 3512*g - 3559. Determine r(-1).
2
Let n(c) = -c**2 - 666*c - 37947. Determine n(-63).
42
Let f